{"id":26236,"date":"2021-03-31T18:15:35","date_gmt":"2021-03-31T18:15:35","guid":{"rendered":"https:\/\/treicap.com.br\/ead\/?page_id=26236"},"modified":"2021-04-06T19:43:55","modified_gmt":"2021-04-06T19:43:55","slug":"nr-10-basico","status":"publish","type":"page","link":"https:\/\/treicap.com.br\/ead\/nr-10-basico\/","title":{"rendered":"NR-10"},"content":{"rendered":"\t\t<div data-elementor-type=\"wp-page\" data-elementor-id=\"26236\" class=\"elementor elementor-26236\" data-elementor-settings=\"[]\">\n\t\t\t\t\t\t<div class=\"elementor-inner\">\n\t\t\t\t\t\t\t<div class=\"elementor-section-wrap\">\n\t\t\t\t\t\t\t<section class=\"elementor-section elementor-top-section elementor-element elementor-element-55a15346 elementor-reverse-mobile elementor-section-boxed elementor-section-height-default elementor-section-height-default\" data-id=\"55a15346\" data-element_type=\"section\" data-settings=\"{&quot;background_background&quot;:&quot;classic&quot;}\">\n\t\t\t\t\t\t<div class=\"elementor-container elementor-column-gap-wide\">\n\t\t\t\t\t\t\t<div class=\"elementor-row\">\n\t\t\t\t\t<div class=\"elementor-column elementor-col-100 elementor-top-column elementor-element elementor-element-799cd7e6\" data-id=\"799cd7e6\" data-element_type=\"column\">\n\t\t\t<div class=\"elementor-column-wrap elementor-element-populated\">\n\t\t\t\t\t\t\t<div class=\"elementor-widget-wrap\">\n\t\t\t\t\t\t<div class=\"elementor-element elementor-element-164e30e6 elementor-widget elementor-widget-heading\" data-id=\"164e30e6\" data-element_type=\"widget\" data-widget_type=\"heading.default\">\n\t\t\t\t<div class=\"elementor-widget-container\">\n\t\t\t<h2 class=\"elementor-heading-title elementor-size-default\">NR 10 - Seguran\u00e7a em Instala\u00e7\u00f5es e Servi\u00e7os em Eletricidade - B\u00e1sico - Reciclagem\u200b<\/h2>\t\t<\/div>\n\t\t\t\t<\/div>\n\t\t\t\t\t\t<\/div>\n\t\t\t\t\t<\/div>\n\t\t<\/div>\n\t\t\t\t\t\t\t\t<\/div>\n\t\t\t\t\t<\/div>\n\t\t<\/section>\n\t\t\t\t<section class=\"elementor-section elementor-top-section elementor-element elementor-element-57d47d78 elementor-reverse-mobile elementor-section-boxed elementor-section-height-default elementor-section-height-default\" data-id=\"57d47d78\" data-element_type=\"section\" data-settings=\"{&quot;background_background&quot;:&quot;classic&quot;}\">\n\t\t\t\t\t\t<div class=\"elementor-container elementor-column-gap-wide\">\n\t\t\t\t\t\t\t<div class=\"elementor-row\">\n\t\t\t\t\t<div class=\"elementor-column elementor-col-50 elementor-top-column elementor-element elementor-element-11d6b3e7\" data-id=\"11d6b3e7\" data-element_type=\"column\">\n\t\t\t<div class=\"elementor-column-wrap elementor-element-populated\">\n\t\t\t\t\t\t\t<div class=\"elementor-widget-wrap\">\n\t\t\t\t\t\t<div class=\"elementor-element elementor-element-10f7e604 elementor-widget elementor-widget-heading\" data-id=\"10f7e604\" data-element_type=\"widget\" data-widget_type=\"heading.default\">\n\t\t\t\t<div class=\"elementor-widget-container\">\n\t\t\t<h3 class=\"elementor-heading-title elementor-size-default\">Objetivo<\/h3>\t\t<\/div>\n\t\t\t\t<\/div>\n\t\t\t\t<div class=\"elementor-element elementor-element-18277a9a elementor-widget elementor-widget-text-editor\" data-id=\"18277a9a\" data-element_type=\"widget\" data-widget_type=\"text-editor.default\">\n\t\t\t\t<div class=\"elementor-widget-container\">\n\t\t\t\t\t\t\t\t<div class=\"elementor-text-editor elementor-clearfix\">\n\t\t\t\t\t<p>Aperfei\u00e7oar as pr\u00e1ticas de seguran\u00e7a dos profissionais que interagem em atividades com eletricidade.<\/p>\t\t\t\t\t<\/div>\n\t\t\t\t\t\t<\/div>\n\t\t\t\t<\/div>\n\t\t\t\t<div class=\"elementor-element elementor-element-2e1e4309 elementor-widget elementor-widget-heading\" data-id=\"2e1e4309\" data-element_type=\"widget\" data-widget_type=\"heading.default\">\n\t\t\t\t<div class=\"elementor-widget-container\">\n\t\t\t<h3 class=\"elementor-heading-title elementor-size-default\">P\u00fablico Alvo<\/h3>\t\t<\/div>\n\t\t\t\t<\/div>\n\t\t\t\t<div class=\"elementor-element elementor-element-2bc24d4c elementor-widget elementor-widget-text-editor\" data-id=\"2bc24d4c\" data-element_type=\"widget\" data-widget_type=\"text-editor.default\">\n\t\t\t\t<div class=\"elementor-widget-container\">\n\t\t\t\t\t\t\t\t<div class=\"elementor-text-editor elementor-clearfix\">\n\t\t\t\t\t<p>Profissionais que interajam em instala\u00e7\u00f5es el\u00e9tricas e que tenham conclu\u00eddo de forma satisfat\u00f3ria o curso de forma\u00e7\u00e3o (40 horas) da NR 10 m\u00f3dulo b\u00e1sico.<\/p>\t\t\t\t\t<\/div>\n\t\t\t\t\t\t<\/div>\n\t\t\t\t<\/div>\n\t\t\t\t\t\t<\/div>\n\t\t\t\t\t<\/div>\n\t\t<\/div>\n\t\t\t\t<div class=\"elementor-column elementor-col-50 elementor-top-column elementor-element elementor-element-362e88fe\" data-id=\"362e88fe\" data-element_type=\"column\">\n\t\t\t<div class=\"elementor-column-wrap elementor-element-populated\">\n\t\t\t\t\t\t\t<div class=\"elementor-widget-wrap\">\n\t\t\t\t\t\t<div class=\"elementor-element elementor-element-5c0bfa7b elementor-widget elementor-widget-image\" data-id=\"5c0bfa7b\" data-element_type=\"widget\" data-widget_type=\"image.default\">\n\t\t\t\t<div class=\"elementor-widget-container\">\n\t\t\t\t\t\t\t\t<div class=\"elementor-image\">\n\t\t\t\t\t\t\t\t\t\t\t\t<img loading=\"lazy\" decoding=\"async\" width=\"540\" height=\"540\" src=\"https:\/\/treicap.com.br\/ead\/wp-content\/uploads\/2021\/03\/Design-sem-nome-30.png\" class=\"attachment-large size-large\" alt=\"\" srcset=\"https:\/\/treicap.com.br\/ead\/wp-content\/uploads\/2021\/03\/Design-sem-nome-30.png 540w, https:\/\/treicap.com.br\/ead\/wp-content\/uploads\/2021\/03\/Design-sem-nome-30-300x300.png 300w, https:\/\/treicap.com.br\/ead\/wp-content\/uploads\/2021\/03\/Design-sem-nome-30-150x150.png 150w, https:\/\/treicap.com.br\/ead\/wp-content\/uploads\/2021\/03\/Design-sem-nome-30-100x100.png 100w\" sizes=\"auto, (max-width: 540px) 100vw, 540px\" \/>\t\t\t\t\t\t\t\t\t\t\t\t\t\t<\/div>\n\t\t\t\t\t\t<\/div>\n\t\t\t\t<\/div>\n\t\t\t\t\t\t<\/div>\n\t\t\t\t\t<\/div>\n\t\t<\/div>\n\t\t\t\t\t\t\t\t<\/div>\n\t\t\t\t\t<\/div>\n\t\t<\/section>\n\t\t\t\t<section class=\"elementor-section elementor-top-section elementor-element elementor-element-11fef1af elementor-section-content-middle elementor-section-boxed elementor-section-height-default elementor-section-height-default\" data-id=\"11fef1af\" data-element_type=\"section\" data-settings=\"{&quot;background_background&quot;:&quot;classic&quot;}\">\n\t\t\t\t\t\t<div class=\"elementor-container elementor-column-gap-wide\">\n\t\t\t\t\t\t\t<div class=\"elementor-row\">\n\t\t\t\t\t<div class=\"elementor-column elementor-col-100 elementor-top-column elementor-element elementor-element-47c40d54\" data-id=\"47c40d54\" data-element_type=\"column\">\n\t\t\t<div class=\"elementor-column-wrap elementor-element-populated\">\n\t\t\t\t\t\t\t<div class=\"elementor-widget-wrap\">\n\t\t\t\t\t\t<div class=\"elementor-element elementor-element-2fa1340d elementor-widget elementor-widget-spacer\" data-id=\"2fa1340d\" data-element_type=\"widget\" data-widget_type=\"spacer.default\">\n\t\t\t\t<div class=\"elementor-widget-container\">\n\t\t\t\t\t<div class=\"elementor-spacer\">\n\t\t\t<div class=\"elementor-spacer-inner\"><\/div>\n\t\t<\/div>\n\t\t\t\t<\/div>\n\t\t\t\t<\/div>\n\t\t\t\t<div class=\"elementor-element elementor-element-6319cbf1 elementor-widget elementor-widget-heading\" data-id=\"6319cbf1\" data-element_type=\"widget\" data-widget_type=\"heading.default\">\n\t\t\t\t<div class=\"elementor-widget-container\">\n\t\t\t<h3 class=\"elementor-heading-title elementor-size-default\">Conte\u00fado Program\u00e1tico<\/h3>\t\t<\/div>\n\t\t\t\t<\/div>\n\t\t\t\t<div class=\"elementor-element elementor-element-5d176590 elementor-widget elementor-widget-text-editor\" data-id=\"5d176590\" data-element_type=\"widget\" data-widget_type=\"text-editor.default\">\n\t\t\t\t<div class=\"elementor-widget-container\">\n\t\t\t\t\t\t\t\t<div class=\"elementor-text-editor elementor-clearfix\">\n\t\t\t\t\t<ol><li>Introdu\u00e7\u00e3o \u00e0 Seguran\u00e7a com Eletricidade<\/li><li>Riscos em Instala\u00e7\u00f5es e Servi\u00e7os com Eletricidade<\/li><li>T\u00e9cnicas de An\u00e1lise de Risco<\/li><li>Medidas de Controle do Risco El\u00e9trico<\/li><li>Normas T\u00e9cnicas Brasileiras \u2013 NBR da ABNT: NBR-5410, NBR 14039 e outras<\/li><li>Regulamenta\u00e7\u00f5es do MTE<\/li><li>Conceitos e Pr\u00e1ticas Sobre os Equipamentos de Prote\u00e7\u00e3o: EPI e PEC<\/li><li>Rotinas de Trabalho \u2013 Procedimentos<\/li><li>Documenta\u00e7\u00e3o de Instala\u00e7\u00f5es El\u00e9tricas<\/li><li>Riscos Adicionais<\/li><li>Prote\u00e7\u00e3o e Combate a Inc\u00eandios<\/li><li>Acidentes de Origem El\u00e9trica<\/li><li>Primeiros Socorros<\/li><li>Responsabilidades<\/li><\/ol><div><strong><span style=\"color: #000000;\"><span style=\"font-family: Arial, sans-serif;\">Carga Hor\u00e1ria:<\/span><\/span><\/strong><span style=\"font-family: 'Arial',sans-serif;\"> 08 horas<\/span><\/div>\t\t\t\t\t<\/div>\n\t\t\t\t\t\t<\/div>\n\t\t\t\t<\/div>\n\t\t\t\t\t\t<\/div>\n\t\t\t\t\t<\/div>\n\t\t<\/div>\n\t\t\t\t\t\t\t\t<\/div>\n\t\t\t\t\t<\/div>\n\t\t<\/section>\n\t\t\t\t<section class=\"elementor-section elementor-top-section elementor-element elementor-element-6a503854 elementor-section-content-middle elementor-section-boxed elementor-section-height-default elementor-section-height-default\" data-id=\"6a503854\" data-element_type=\"section\" data-settings=\"{&quot;background_background&quot;:&quot;classic&quot;}\">\n\t\t\t\t\t\t<div class=\"elementor-container elementor-column-gap-wide\">\n\t\t\t\t\t\t\t<div class=\"elementor-row\">\n\t\t\t\t\t<div class=\"elementor-column elementor-col-50 elementor-top-column elementor-element elementor-element-3e760064\" data-id=\"3e760064\" data-element_type=\"column\">\n\t\t\t<div class=\"elementor-column-wrap elementor-element-populated\">\n\t\t\t\t\t\t\t<div class=\"elementor-widget-wrap\">\n\t\t\t\t\t\t<div class=\"elementor-element elementor-element-367cbd5e elementor-widget elementor-widget-image\" data-id=\"367cbd5e\" data-element_type=\"widget\" data-widget_type=\"image.default\">\n\t\t\t\t<div class=\"elementor-widget-container\">\n\t\t\t\t\t\t\t\t<div class=\"elementor-image\">\n\t\t\t\t\t\t\t\t\t\t\t\t<img loading=\"lazy\" decoding=\"async\" width=\"1280\" height=\"856\" src=\"https:\/\/treicap.com.br\/ead\/wp-content\/uploads\/2021\/03\/WhatsApp-Image-2021-03-26-at-10.26.48.jpeg\" class=\"attachment-full size-full\" alt=\"\" srcset=\"https:\/\/treicap.com.br\/ead\/wp-content\/uploads\/2021\/03\/WhatsApp-Image-2021-03-26-at-10.26.48.jpeg 1280w, https:\/\/treicap.com.br\/ead\/wp-content\/uploads\/2021\/03\/WhatsApp-Image-2021-03-26-at-10.26.48-300x201.jpeg 300w, https:\/\/treicap.com.br\/ead\/wp-content\/uploads\/2021\/03\/WhatsApp-Image-2021-03-26-at-10.26.48-1024x685.jpeg 1024w, https:\/\/treicap.com.br\/ead\/wp-content\/uploads\/2021\/03\/WhatsApp-Image-2021-03-26-at-10.26.48-768x514.jpeg 768w, https:\/\/treicap.com.br\/ead\/wp-content\/uploads\/2021\/03\/WhatsApp-Image-2021-03-26-at-10.26.48-600x401.jpeg 600w\" sizes=\"auto, (max-width: 1280px) 100vw, 1280px\" \/>\t\t\t\t\t\t\t\t\t\t\t\t\t\t<\/div>\n\t\t\t\t\t\t<\/div>\n\t\t\t\t<\/div>\n\t\t\t\t<div class=\"elementor-element elementor-element-714c37d7 elementor-widget elementor-widget-spacer\" data-id=\"714c37d7\" data-element_type=\"widget\" data-widget_type=\"spacer.default\">\n\t\t\t\t<div class=\"elementor-widget-container\">\n\t\t\t\t\t<div class=\"elementor-spacer\">\n\t\t\t<div class=\"elementor-spacer-inner\"><\/div>\n\t\t<\/div>\n\t\t\t\t<\/div>\n\t\t\t\t<\/div>\n\t\t\t\t<div class=\"elementor-element elementor-element-30ea9e1c elementor-widget elementor-widget-heading\" data-id=\"30ea9e1c\" data-element_type=\"widget\" data-widget_type=\"heading.default\">\n\t\t\t\t<div class=\"elementor-widget-container\">\n\t\t\t<h3 class=\"elementor-heading-title elementor-size-default\">Certificado<\/h3>\t\t<\/div>\n\t\t\t\t<\/div>\n\t\t\t\t<div class=\"elementor-element elementor-element-76f1ae8f elementor-widget__width-initial elementor-widget elementor-widget-text-editor\" data-id=\"76f1ae8f\" data-element_type=\"widget\" data-widget_type=\"text-editor.default\">\n\t\t\t\t<div class=\"elementor-widget-container\">\n\t\t\t\t\t\t\t\t<div class=\"elementor-text-editor elementor-clearfix\">\n\t\t\t\t\t<p style=\"text-align: left;\">Ser\u00e1 emitido um certificado para cada treinando contendo o nome e CPF do mesmo, conte\u00fado program\u00e1tico, carga hor\u00e1ria, data, com as assinaturas do coordenador de seguran\u00e7a do trabalho, instrutor e do engenheiro respons\u00e1vel t\u00e9cnico pelo treinamento.<br>Os certificados ser\u00e3o disponibilizados desde que o treinando atinja m\u00e9dia igual ou superior a 7,0.<br>Para cada certificado ser\u00e1 emitido um n\u00famero de registro que ser\u00e1 impresso junto ao mesmo para verifica\u00e7\u00e3o de autenticidade atrav\u00e9s do site: <a href=\"http:\/\/www.treicap.com.br\">www.treicap.com.br&nbsp;<\/a><\/p>\t\t\t\t\t<\/div>\n\t\t\t\t\t\t<\/div>\n\t\t\t\t<\/div>\n\t\t\t\t\t\t<\/div>\n\t\t\t\t\t<\/div>\n\t\t<\/div>\n\t\t\t\t<div class=\"elementor-column elementor-col-50 elementor-top-column elementor-element elementor-element-212a731c\" data-id=\"212a731c\" data-element_type=\"column\" data-settings=\"{&quot;background_background&quot;:&quot;classic&quot;}\">\n\t\t\t<div class=\"elementor-column-wrap elementor-element-populated\">\n\t\t\t\t\t\t\t<div class=\"elementor-widget-wrap\">\n\t\t\t\t\t\t<div class=\"elementor-element elementor-element-7004f6ef elementor-widget-divider--view-line_text elementor-widget-divider--element-align-center elementor-widget elementor-widget-divider\" data-id=\"7004f6ef\" data-element_type=\"widget\" data-widget_type=\"divider.default\">\n\t\t\t\t<div class=\"elementor-widget-container\">\n\t\t\t\t\t<div class=\"elementor-divider\">\n\t\t\t<span class=\"elementor-divider-separator\">\n\t\t\t\t\t\t\t<span class=\"elementor-divider__text elementor-divider__element\"><b>Investimento<\/b><\/span>\n\t\t\t\t\t\t<\/span>\n\t\t<\/div>\n\t\t\t\t<\/div>\n\t\t\t\t<\/div>\n\t\t\t\t<div class=\"elementor-element elementor-element-4fa6fe7f elementor-widget elementor-widget-heading\" data-id=\"4fa6fe7f\" data-element_type=\"widget\" data-widget_type=\"heading.default\">\n\t\t\t\t<div class=\"elementor-widget-container\">\n\t\t\t<h4 class=\"elementor-heading-title elementor-size-default\">R$ 125,00<\/h4>\t\t<\/div>\n\t\t\t\t<\/div>\n\t\t\t\t<div class=\"elementor-element elementor-element-7dde440 elementor-widget elementor-widget-heading\" data-id=\"7dde440\" data-element_type=\"widget\" data-widget_type=\"heading.default\">\n\t\t\t\t<div class=\"elementor-widget-container\">\n\t\t\t<p class=\"elementor-heading-title elementor-size-default\">R$ 90,00<\/p>\t\t<\/div>\n\t\t\t\t<\/div>\n\t\t\t\t<div class=\"elementor-element elementor-element-47a678fe elementor-align-justify elementor-mobile-align-center elementor-widget elementor-widget-button\" data-id=\"47a678fe\" data-element_type=\"widget\" data-widget_type=\"button.default\">\n\t\t\t\t<div class=\"elementor-widget-container\">\n\t\t\t\t\t<div class=\"elementor-button-wrapper\">\n\t\t\t<a href=\"https:\/\/api.whatsapp.com\/send?phone=5527996876522&#038;text=Ol%C3%A1%2C%20me%20interessei%20pelo%20curso!\" class=\"elementor-button-link elementor-button elementor-size-lg elementor-animation-grow\" role=\"button\">\n\t\t\t\t\t\t<span class=\"elementor-button-content-wrapper\">\n\t\t\t\t\t\t<span class=\"elementor-button-icon elementor-align-icon-left\">\n\t\t\t\t<i aria-hidden=\"true\" class=\"fas fa-shopping-cart\"><\/i>\t\t\t<\/span>\n\t\t\t\t\t\t<span class=\"elementor-button-text\">GARANTA ESSA OFERTA<\/span>\n\t\t<\/span>\n\t\t\t\t\t<\/a>\n\t\t<\/div>\n\t\t\t\t<\/div>\n\t\t\t\t<\/div>\n\t\t\t\t<div class=\"elementor-element elementor-element-293e4e1a elementor-widget elementor-widget-text-editor\" data-id=\"293e4e1a\" data-element_type=\"widget\" data-widget_type=\"text-editor.default\">\n\t\t\t\t<div class=\"elementor-widget-container\">\n\t\t\t\t\t\t\t\t<div class=\"elementor-text-editor elementor-clearfix\">\n\t\t\t\t\t<p style=\"text-align: center;\">Caso seja uma empresa e queira comprar mais de uma unidade, possu\u00edmos uma oferta especial para voc\u00ea.<\/p>\t\t\t\t\t<\/div>\n\t\t\t\t\t\t<\/div>\n\t\t\t\t<\/div>\n\t\t\t\t<div class=\"elementor-element elementor-element-7c719fa6 elementor-align-justify elementor-mobile-align-center elementor-widget elementor-widget-button\" data-id=\"7c719fa6\" data-element_type=\"widget\" data-widget_type=\"button.default\">\n\t\t\t\t<div class=\"elementor-widget-container\">\n\t\t\t\t\t<div class=\"elementor-button-wrapper\">\n\t\t\t<a href=\"https:\/\/api.whatsapp.com\/send?phone=5527996876522&#038;text=Ol%C3%A1%2C%20me%20interessei%20pelo%20curso!\" class=\"elementor-button-link elementor-button elementor-size-lg elementor-animation-grow\" role=\"button\">\n\t\t\t\t\t\t<span class=\"elementor-button-content-wrapper\">\n\t\t\t\t\t\t<span class=\"elementor-button-icon elementor-align-icon-left\">\n\t\t\t\t<i aria-hidden=\"true\" class=\"fab fa-whatsapp\"><\/i>\t\t\t<\/span>\n\t\t\t\t\t\t<span class=\"elementor-button-text\">GARANTA ESSA OFERTA<\/span>\n\t\t<\/span>\n\t\t\t\t\t<\/a>\n\t\t<\/div>\n\t\t\t\t<\/div>\n\t\t\t\t<\/div>\n\t\t\t\t<div class=\"elementor-element elementor-element-6aaf0513 elementor-widget elementor-widget-spacer\" data-id=\"6aaf0513\" data-element_type=\"widget\" data-widget_type=\"spacer.default\">\n\t\t\t\t<div class=\"elementor-widget-container\">\n\t\t\t\t\t<div class=\"elementor-spacer\">\n\t\t\t<div class=\"elementor-spacer-inner\"><\/div>\n\t\t<\/div>\n\t\t\t\t<\/div>\n\t\t\t\t<\/div>\n\t\t\t\t\t\t<\/div>\n\t\t\t\t\t<\/div>\n\t\t<\/div>\n\t\t\t\t\t\t\t\t<\/div>\n\t\t\t\t\t<\/div>\n\t\t<\/section>\n\t\t\t\t\t\t<\/div>\n\t\t\t\t\t\t<\/div>\n\t\t\t\t\t<\/div>\n\t\t","protected":false},"excerpt":{"rendered":"<p>NR 10 &#8211; Seguran\u00e7a em Instala\u00e7\u00f5es e Servi\u00e7os em Eletricidade &#8211; B\u00e1sico &#8211; Reciclagem\u200b Objetivo Aperfei\u00e7oar as pr\u00e1ticas de seguran\u00e7a dos profissionais que interagem em atividades com eletricidade. P\u00fablico Alvo Profissionais que interajam em instala\u00e7\u00f5es el\u00e9tricas e que tenham conclu\u00eddo de forma satisfat\u00f3ria o curso de forma\u00e7\u00e3o (40 horas) da NR 10 m\u00f3dulo b\u00e1sico. Conte\u00fado &hellip;<\/p>\n<p class=\"read-more\"> <a class=\"\" href=\"https:\/\/treicap.com.br\/ead\/nr-10-basico\/\"> <span class=\"screen-reader-text\">NR-10<\/span> Leia mais \u00bb<\/a><\/p>\n","protected":false},"author":1,"featured_media":0,"parent":0,"menu_order":0,"comment_status":"closed","ping_status":"closed","template":"","meta":{"footnotes":""},"class_list":["post-26236","page","type-page","status-publish","hentry"],"_links":{"self":[{"href":"https:\/\/treicap.com.br\/ead\/wp-json\/wp\/v2\/pages\/26236","targetHints":{"allow":["GET"]}}],"collection":[{"href":"https:\/\/treicap.com.br\/ead\/wp-json\/wp\/v2\/pages"}],"about":[{"href":"https:\/\/treicap.com.br\/ead\/wp-json\/wp\/v2\/types\/page"}],"author":[{"embeddable":true,"href":"https:\/\/treicap.com.br\/ead\/wp-json\/wp\/v2\/users\/1"}],"replies":[{"embeddable":true,"href":"https:\/\/treicap.com.br\/ead\/wp-json\/wp\/v2\/comments?post=26236"}],"version-history":[{"count":10,"href":"https:\/\/treicap.com.br\/ead\/wp-json\/wp\/v2\/pages\/26236\/revisions"}],"predecessor-version":[{"id":26369,"href":"https:\/\/treicap.com.br\/ead\/wp-json\/wp\/v2\/pages\/26236\/revisions\/26369"}],"wp:attachment":[{"href":"https:\/\/treicap.com.br\/ead\/wp-json\/wp\/v2\/media?parent=26236"}],"curies":[{"name":"wp","href":"https:\/\/api.w.org\/{rel}","templated":true}]}}